ulate z(14).
-382
Let r(m) = 2*m**2 - 45*m - 248. Calculate r(25).
-123
Let o(k) = -k**3 - 29*k**2 + 17. Calculate o(-29).
17
Let x(r) = -r**3 + 64*r**2 - 122*r - 444. Calculate x(62).
-320
Let h(d) = -118*d + 972. Calculate h(10).
-208
Let s(d) = -179*d - 4998. Determine s(-28).
14
Let h(y) = -2*y**3 - 17*y**2 - 19*y + 6. Calculate h(-8).
94
Let q(b) = -17*b + 204. Calculate q(5).
119
Let x(m) = -349*m - 1100. What is x(-3)?
-53
Let n(d) = 40*d - 103. Calculate n(4).
57
Let s(m) = -15*m**2 - 56*m + 134. Calculate s(2).
-38
Let u(i) = -2*i**3 + 13*i**2 + 7*i - 10. What is u(7)?
-10
Let f(z) = -6*z**2 + 22*z + 48. Calculate f(-2).
-20
Let h(s) = s**3 + 89*s**2 + 218*s + 11525. Calculate h(-88).
85
Let t(v) = v**3 + 14*v**2 + 39*v + 4. Give t(-7).
74
Let n(l) = 185*l - 183. What is n(1)?
2
Let b(n) = -3791*n + 75830. Calculate b(20).
10
Let a(c) = -c**3 - 14*c**2 - 25*c + 86. Calculate a(-11).
-2
Let d(l) = -l**3 + 39*l**2 - 197*l - 6. Determine d(6).
0
Let z(n) = -n**3 + 22*n**2 - 28*n - 538. Calculate z(19).
13
Let x(w) = w**3 + 12*w**2 - 5*w - 13. What is x(-12)?
47
Let h(o) = -17*o + 676. Give h(42).
-38
Let g(b) = -2*b**3 + 75*b**2 + 43*b - 141. Determine g(38).
49
Let r(c) = -2*c**3 + 15*c**2 + 29*c - 211. What is r(7)?
41
Let v(g) = -g**2 - 75*g - 1378. Give v(-48).
-82
Let p(w) = 2*w**2 - 24*w - 288. What is p(23)?
218
Let t(c) = -2*c**3 - 35*c**2 + 2*c - 12. Determine t(-18).
276
Let y(r) = 10*r + 456. Give y(-42).
36
Let x(d) = d**2 + 28*d - 493. Give x(-40).
-13
Let c(n) = n**3 - 11*n**2 + 9*n - 12. Calculate c(11).
87
Let r(l) = l**3 - 38*l**2 - 36*l + 23. What is r(39)?
140
Let a(b) = 6*b**3 - 23*b**2 + 49*b + 7. What is a(5)?
427
Let w(b) = 1087*b - 14127. Give w(13).
4
Let h(j) = -j**3 + 17*j**2 + 70*j - 219. Determine h(20).
-19
Let a(p) = 200*p - 4773. What is a(24)?
27
Let y(s) = 3*s**3 + 53*s**2 + 34*s - 8. Give y(-17).
-8
Let p(m) = -m**3 - 9*m**2 - 97*m - 395. What is p(-5)?
-10
Let g(y) = y**2 - 25*y - 161. Give g(27).
-107
Let f(r) = r**3 + 14*r**2 + 14*r - 13. Calculate f(-12).
107
Let s(u) = -53*u**2 - 18*u + 2. Calculate s(1).
-69
Let j(n) = 9598*n - 220759. Give j(23).
-5
Let y(b) = -30*b - 4. Determine y(1).
-34
Let n(u) = -u**3 + 8*u**2 + 5*u - 33. Give n(7).
51
Let r(u) = 38*u**3 + 309*u**2 + 43*u - 4. Give r(-8).
-28
Let u(w) = -38*w + 249. Determine u(10).
-131
Let n(c) = 3*c**2 + 83*c + 205. Calculate n(-25).
5
Let m(c) = -3*c**2 + 28*c + 52. Give m(15).
-203
Let v(n) = -7*n**2 - 78*n - 93. Calculate v(-10).
-13
Let u(s) = -s**3 + 126*s**2 + 1203*s - 98. Calculate u(-9).
10
Let o(t) = -43*t**2 + 7*t + 26. Determine o(0).
26
Let t(f) = -587*f + 3171. Calculate t(5).
236
Let v(p) = 2*p**2 - 202*p - 82. Determine v(102).
122
Let n(a) = 29*a**2 + 560*a + 173. Give n(-19).
2
Let k(p) = p**3 - 5*p**2 - 462*p + 122. What is k(24)?
-22
Let f(z) = 3*z**2 - 24*z + 51. What is f(6)?
15
Let b(l) = -162*l + 14087. Give b(87).
-7
Let k(c) = c**2 - 11*c + 10. Determine k(14).
52
Let k(c) = -2*c**3 + 10*c**2 + 100*c - 419. Give k(8).
-3
Let d(l) = -l**3 + 224*l**2 + 2339*l - 12. What is d(-10)?
-2
Let y(n) = n**2 + 27*n - 166. Determine y(-34).
72
Let l(w) = 64*w + 1143. Determine l(-18).
-9
Let v(m) = m**3 + 32*m**2 + 54*m - 182. Calculate v(-30).
-2
Let s(u) = u**3 + 10*u**2 - 126*u + 54. Calculate s(7).
5
Let a(x) = -6*x - 220. What is a(-25)?
-70
Let j(i) = 10*i - 193. Determine j(23).
37
Let f(r) = 59*r - 45. Determine f(4).
191
Let t(v) = -v**2 - 16*v - 49. Give t(-14).
-21
Let r(b) = 26*b - 2387. Determine r(92).
5
Let u(x) = x**3 + 11*x**2 + 16*x - 21. Calculate u(-9).
-3
Let r(t) = t**3 + 12*t**2 - 247*t - 496. What is r(12)?
-4
Let k(m) = -m**2 + 13*m + 405. Calculate k(28).
-15
Let d(b) = b**3 + 3*b**2 - 70*b + 77. Determine d(7).
77
Let o(s) = -s**3 - 4*s**2 + 48*s + 129. What is o(-3)?
-24
Let i(w) = 7*w - 1110. Calculate i(160).
10
Let g(c) = -6*c + 188. Give g(26).
32
Let a(u) = u**3 - 22*u**2 + 6*u - 677. Determine a(23).
-10
Let q(k) = 123*k + 8617. Determine q(-70).
7
Let k(f) = 35*f - 52. Determine k(1).
-17
Let b(r) = -4*r**2 + 2*r - 34. What is b(0)?
-34
Let b(p) = -p**3 + 34*p**2 - 98*p + 54. Give b(31).
-101
Let f(g) = -3*g**3 - 141*g**2 + 2*g + 102. Determine f(-47).
8
Let u(j) = 36*j + 1744. Calculate u(-55).
-236
Let n(a) = 228*a + 917. Calculate n(-4).
5
Let t(u) = -u**2 - 22*u - 41. Calculate t(-3).
16
Let y(p) = -p**3 - 54*p**2 - 193*p + 348. What is y(-50)?
-2
Let s(u) = -2*u**2 + 78*u - 39. What is s(18)?
717
Let p(n) = -2135*n**2 - 19216*n - 5. Determine p(-9).
4
Let k(j) = 8*j + 307. Calculate k(-42).
-29
Let g(t) = t + 59. What is g(-66)?
-7
Let a(d) = d**2 - 346*d - 6508. Determine a(-18).
44
Let p(b) = 21*b**2 + 18*b + 55. What is p(-3)?
190
Let u(i) = -34*i - 288. Give u(-7).
-50
Let s(m) = -2*m**2 - 141*m + 2074. Calculate s(-83).
-1
Let k(l) = -47*l + 1652. Calculate k(35).
7
Let d(o) = 2*o**2 - 5*o - 16. Calculate d(-6).
86
Let m(n) = -n**3 + 45*n**2 + 76*n + 825. What is m(47)?
-21
Let d(v) = 2*v**2 - 403*v + 3077. Calculate d(8).
-19
Let l(m) = m**3 + 19*m**2 + 54*m + 2. Calculate l(-16).
-94
Let m(f) = 7*f**2 - 91*f + 313. What is m(4)?
61
Let i(f) = -f**3 - 9*f**2 - 31*f - 188. Calculate i(-10).
222
Let a(f) = -f**3 + 2*f**2 + 10*f - 100. What is a(7)?
-275
Let c(b) = 16*b**2 + 1. Calculate c(1).
17
Let f(b) = -5*b**2 + 389*b - 1054. Calculate f(75).
-4
Let a(b) = 7*b**3 - 11*b**2 - 13*b + 14. Determine a(-2).
-60
Let y(g) = -g**2 + 38*g - 300. Give y(35).
-195
Let s(f) = -5*f**3 + 5*f**2 + 84*f + 80. Give s(-1).
6
Let b(p) = 40*p + 740. Give b(-18).
20
Let p(o) = -10*o - 1334. Calculate p(-133).
-4
Let u(q) = 13*q**2 + 9*q + 12. Determine u(-1).
16
Let q(a) = -a**3 - 21*a**2 + 21*a - 91. Give q(-19).
-1212
Let t(l) = 17*l - 302. What is t(17)?
-13
Let w(n) = 93*n**2 + 437*n - 437. Determine w(1).
93
Let p(o) = 201*o**2 + 608*o + 22. Determine p(-3).
7
Let i(t) = t**3 - 12*t**2 - 93*t + 147. What is i(17)?
11
Let i(x) = 99*x + 6907. Determine i(-70).
-23
Let o(a) = -139*a - 405. Determine o(-3).
12
Let q(l) = l**2 + 194*l + 1847. Calculate q(-10).
7
Let y(m) = -m**3 + 878*m**2 + 3518*m - 44. Calculate y(-4).
-4
Let d(s) = -51*s - 85. Give d(-2).
17
Let d(q) = -2*q**2 + 1000*q - 16430. Determine d(17).
-8
Let o(c) = -26*c**2 + 8*c - 15. What is o(2)?
-103
Let j(t) = -t**3 - 69*t**2 - 344*t - 1517. What is j(-64)?
19
Let x(w) = 6*w**2 - 262*w + 399. Give x(42).
-21
Let q(n) = n**2 - 17*n + 22. Give q(-6).
160
Let w(m) = 206*m - 1721. Determine w(8).
-73
Let l(v) = v**3 + v**2 - 5*v - 17. What is l(4)?
43
Let u(j) = 3*j**2 - 167*j + 388. Calculate u(57).
616
Let s(b) = b**2 - 102*b - 1361. Determine s(-12).
7
Let t(b) = -27*b - 125. Calculate t(-4).
-17
Let l(b) = b**3 + 6*b**2 + 2*b - 22. What is l(3)?
65
Let o(w) = 2*w**3 + 3*w**2 + 4*w + 7. Determine o(-2).
-5
Let z(a) = 616*a - 2467. Calculate z(4).
-3
Let q(u) = -570*u - 11365. Calculate q(-20).
35
Let b(r) = -68*r - 444. What is b(-6)?
-36
Let u(w) = -14*w - 619. What is u(-48)?
53
Let q(i) = 11*i**2 + 169*i - 1745. What is q(7)?
-23
Let f(v) = 14195*v - 42581. Determine f(3).
4
Let u(y) = 11*y - 70. Give u(10).
40
Let n(w) = 2*w**3 + 11*w**2 - 3*w + 68. What is n(0)?
68
Let d(t) = -4*t**2 + 2*t + 31. Give d(6).
-101
Let a(d) = -2*d**2 + 2*d + 35. Calculate a(5).
-5
Let c(b) = -3*b**2 - 79*b + 224. What is c(-29)?
-8
Let d(i) = i**3 - 286*i**2 - 281*i - 1734. Determine d(287).
-12
Let o(p) = 2*p**3 - 15*p**2 + 41*p - 10. What is o(6)?
128
Let d(j) = -35*j + 1198. What is d(34)?
8
Let k(p) = p**2 - 13*p - 301. What is k(-12)?
-1
Let w(d) = -2*d**3 + 26*d**2 + 61*d + 14. Give w(15).
29
Let b(q) = -63*q + 1210. Give b(20).
-50
Let f(a) = -473*a - 554. Give f(-1).
-81
Let b(y) = -y**2 - 93*y - 520. Give b(-6).
2
Let g(d) = d**2 - 41*d + 469. Determine g(19).
51
Let w(t) = -35*t - 3775. Determine w(-108).
5
Let p(x) = -11*x - 61. Give p(-1).
-50
Let k(c) = -27440*c + 27439. Determine k(1).
-1
Let t(c) = -38*c + 54. What is t(8)?
-250
Let i(t) = t**2 + 3*t - 39. Determine i(-6).
-21
Let i(q) = -q**3 - 9*q**2 - 84*q - 538. Determine i(-8).
70
Let x(p) = -2*p**2 - 64*p + 683. Determine x(9).
-55
Let u(d) = 18*d + 24. Calculate u(-4).
-48
Let c(d) = 53*d**2 - 11*d - 22. Determine c(-2).
212
Let k(r) = -2*r**3 - 4*r**2 - 2259*r - 4525. W